(h) be the third derivative of -7*h**4/24 - h**3/3 - 2*h**2 - 23*h. Calculate a(d).
12
Let y be (-16)/(-6) + 3/9. Let p = -20 - -100. Let i(l) = -6 + 10 - 81*l + p*l. Calculate i(y).
1
Suppose -2*n + 7*m = 10*m - 2, m - 14 = -4*n. Let f(v) = -45*v + 180. Calculate f(n).
0
Let d(s) = -17 + 42 + 0*s + s - 12 + 1. What is d(14)?
28
Let a = 67036/3 - 22345. Let o(j) be the first derivative of 19 + a*j**3 + 3*j**2 - 5*j. What is o(-5)?
-10
Let m(c) = 19 + 1 - 13 - 34*c + 10*c - 11*c**2 - 6 - c**3. Give m(-7).
-27
Let l(d) = 2*d**3 + 62*d**2 + 34 + 21*d**2 - 7*d**2 + 75*d. Determine l(-37).
-3
Let q(r) = -33*r - 170*r**3 - 5*r**2 + 4*r**2 + 5 + 171*r**3 + 0. Give q(6).
-13
Let j(u) = u + 38 - 3*u - u - 29. Let w(q) be the third derivative of -q**4/24 + q**3/2 + 35*q**2. Let s(l) = 6*j(l) - 17*w(l). Give s(-7).
10
Let n = -23 - -32. Let r = n + -8. Let y(a) = 16*a - 1. Let d(f) = 81*f - 6. Let q(l) = -2*d(l) + 11*y(l). What is q(r)?
15
Let f(y) = -95 - 101 - 94 + 383 - 99 + 8*y. What is f(7)?
50
Let r(z) = 10*z**2 + 5*z - 8. Let l(b) = 7*b**2 + 3*b - 5. Let s(g) = -7*l(g) + 5*r(g). Let d = -53 - -49. What is s(d)?
-5
Suppose 0 = -4*u + 3*b + 33, -12*b - 70 = -5*u - 14*b. Suppose -169*q = -172*q - u. Let f(n) = -n**3 - 3*n**2 + 6*n + 1. What is f(q)?
-7
Suppose 3*j = 4*r + 32, 41*j = r + 38*j + 8. Let n(c) = -4*c - 26. Determine n(r).
6
Let n be (-22 - -1)*(-713)/(-93). Let f be n/14 + ((-2)/4)/(-1). Let o(k) = -k**3 - 10*k**2 + 9*k - 4. Calculate o(f).
18
Let c(u) = -39*u. Let d be (-11 - -3) + (-1)/(-1). Let x be (d + 6)/((-4)/4). What is c(x)?
-39
Let v(a) = 11*a - 3*a**2 + 4*a**2 - 127 + 74 + 76. Give v(-9).
5
Let h(j) = 17*j + 555. Let z(u) = 11*u + 385. Let v(y) = 5*h(y) - 7*z(y). Calculate v(-9).
8
Let z = -7736 + 7731. Let j(v) = -3*v + v + v. Determine j(z).
5
Let j be (-8)/6*(-17 + -22). Let c = j + -45. Suppose -11 = -4*w - c. Let g(u) = -7*u**3 + 2*u**2 - 2*u + 1. Give g(w).
-6
Let v(y) = 9 + 23 + 97*y + 106*y + 10*y**2 - 186*y - 9*y**2. Determine v(0).
32
Suppose 2*d - 2 + 4 = -5*k, 5*k + 26 = 4*d. Suppose -3*a = d - 91. Let z(g) = 5*g**2 - g**2 - a*g**3 - 7*g**2 - g + g**2. Determine z(-1).
28
Let b(s) = s**3 - 11 - 64*s**2 + 15*s**2 + 42*s**2 + 9*s. Calculate b(5).
-16
Let n(j) = -3*j**2 - 3*j. Let u(d) = d**2 + d. Suppose 5*z - 16 = 2*b, -z = -b - 3 + 1. Let c(o) = b*n(o) + 5*u(o). Calculate c(4).
-20
Suppose -2*l + 3 = 3*i, -16 = 5*l - 2*i + 24. Let j(o) = o**2 - o + 1. Let f(r) = -5*r**2 + 9*r + 12*r - 7*r - 20. Let d(x) = l*j(x) - f(x). What is d(-10)?
-6
Let m(w) = -11 + 254*w + 0 + w**2 + 1 + 255*w - 506*w. Determine m(-8).
30
Let w(m) be the first derivative of -m**2 - 10*m - 3978. Give w(10).
-30
Let p(b) be the third derivative of b**4/24 + 2*b**3 - 2248*b**2. Calculate p(-7).
5
Let b(l) = -l**2 + 4*l + 13. Let y be 4/((-2)/(-1))*1. Suppose -y*n = -2*k + 14, 3*k - 2*n = -4*n + 16. Determine b(k).
1
Suppose 102*f = 107*f. Suppose f*l + 8*l + 48 = 0. Let k(x) = -x**3 - 7*x**2 - 7*x - 7. Give k(l).
-1
Suppose -5*n = -3*y + 15, 32*y - 28*y - 3*n = -2. Let o(i) = i**3 + i**2 - 21*i - 2. What is o(y)?
3
Let f be (-14 - 3)*(12 + -14)*3/6. Let j(z) = -z**2 + 17*z - 33. Calculate j(f).
-33
Let l(x) be the second derivative of -x**2 + 0 - 4*x + 1/3*x**3. What is l(7)?
12
Let z(t) be the second derivative of -4*t - 2 + 1/12*t**4 - 1/2*t**2 + 1/6*t**3. Calculate z(-5).
19
Let i(t) = -2*t. Let s(f) = -24*f. Let p(j) = -16*i(j) + s(j). Suppose -82*h + 84*h = 2. Calculate p(h).
8
Let d(l) be the first derivative of -l**3/3 + 3*l**2/2 + 60*l - 1780. Give d(9).
6
Let q(v) = 2 + 102*v**2 - 68*v**2 - 33*v**2 + v - 5 - 5*v. Let k = -1 - 1. Calculate q(k).
9
Let y(v) be the first derivative of -5/2*v**2 + 4*v + 1/3*v**3 + 54. Calculate y(3).
-2
Suppose -4*l + 11 = 5*u, -l = -2*l - 4*u. Let d be (-40)/(-16)*28/35. Let i = l - d. Let j(w) = w**2 + w. Calculate j(i).
6
Let v be 1071/(-9)*-10 - -3. Let y = v - 1198. Let a(f) = 3*f**2 + 3*f - 3. Let r(c) = -4*c**2 - 4*c + 5. Let m(g) = -7*a(g) - 5*r(g). What is m(y)?
-24
Let y(r) = -149*r + 1 + r**3 - 290*r - 2*r**2 + 425*r. Determine y(5).
6
Suppose 2*b = 3*b - 1. Let r = 7550 + -6936. Let q(m) = r*m - b - 305*m - 304*m. Give q(4).
19
Let c(o) be the third derivative of -o**4/6 - 10*o**3 - o**2 - 23*o - 12. Determine c(-16).
4
Let j(z) = 160*z + 1440. Let c be j(-9). Let n(k) be the second derivative of -k**2 + c + 1/12*k**4 - 7/6*k**3 - 31*k. Calculate n(7).
-2
Suppose -97*n = -13*n - 420. Let z(j) = -3*j**2 + 3*j + 4. What is z(n)?
-56
Let h(r) = -7*r + r**2 - 9 + 15*r - 6*r + 24 - 3*r. Let g = 151 + -151. Determine h(g).
15
Let n = 2143 + -2137. Let k(d) = d**3 - 7*d**2 + 3*d - 12. Give k(n).
-30
Let f(x) be the second derivative of 0*x**3 - 1/2*x**2 + 5 + 1/5*x**5 + 0*x**4 + 12*x. Give f(1).
3
Let u(n) = 2*n - 1. Let g(o) be the second derivative of -5*o**3/6 - 7*o**2 - 5*o. Let c be g(-4). Suppose l - c*l = 25. Determine u(l).
-11
Suppose -2*h = -9*h + 14. Suppose -8*p + h*a - 15 = -9*p, -3*a = 2*p - 26. Let m(s) = s + p*s - 1 - 7*s. Give m(-7).
-8
Let q(r) be the second derivative of r**4/12 - 11*r**3/6 + 21*r**2 + 6*r + 13. Calculate q(5).
12
Let h(f) = f + 46. Let p be ((-10)/8)/1 - 37440/768. What is h(p)?
-4
Let k(v) = v**2 + 11*v - 31. Let y be k(-13). Let q be -12*(-8)/(-12)*(-9)/6. Let c(d) = q*d + 7 - 2*d**2 + 14*d + 3*d**2 - 19*d. What is c(y)?
-3
Let i = 528 - 527. Let m(o) = -6 - i - o + 8. Let g(h) = -h - 11. Let v be g(-5). Give m(v).
7
Let d(k) = -22*k**2 - 22*k - 59. Let l(o) = 7*o**2 + 7*o + 20. Let t(p) = -6*d(p) - 19*l(p). What is t(0)?
-26
Let o = -45 + 164. Let l(g) = 116*g - 357*g + 118*g + o*g. Calculate l(2).
-8
Let k(g) = 2*g**2 - g**3 + 23*g + 4*g**2 - 25*g + 6 + 0*g**3. Let j = -504 + 510. Calculate k(j).
-6
Let k(z) = z**2 + z - 2. Let r(o) = 43*o + 80. Let i(f) = -k(f) - r(f). Let j be i(-42). Let w(c) = -c**2 + 9*c - 23. Give w(j).
-5
Let t(s) be the third derivative of -s**7/840 - 7*s**6/180 - 13*s**5/120 + 119*s**3/6 - 4*s**2 - 2*s. Let d(b) be the first derivative of t(b). Give d(-13).
0
Let j(z) = -8*z + 32. Suppose 0 = 37*t + 855 - 1003. Give j(t).
0
Let g(k) = -k**2 + 42*k + 185. Let q be (-458)/(-10) + 64/320. What is g(q)?
1
Suppose 2*g = s - 4, s = -4*s - 2*g - 4. Suppose 3*f - 3*d = 8 - 35, -3*f - d - 27 = s. Let l(z) = -24 - 16 + 39 - 17 - z. Calculate l(f).
-9
Let z(q) = 3*q**2 + 4*q + 1. Let b = 1759 + -1763. Determine z(b).
33
Let h(d) be the second derivative of -1/3*d**3 + 100*d + 0 - 1/20*d**5 - 3*d**2 + 7/12*d**4. Determine h(7).
-20
Let h be 5852/(-55) + (-2)/(-5). Let d = 98 + h. Let t(o) = -o**2 - 9*o - 8. What is t(d)?
0
Let j(p) = 2*p**2 - 18*p + 23. Let y(o) = -o**2 + 4*o + 1. Let l(z) = j(z) + y(z). Give l(7).
-25
Suppose 770 = -5*d + 16*d. Suppose -g - g - d = -5*u, 56 = 4*u - 5*g. Let a(l) = 5 + l + u - 32 + 10. Give a(-4).
-7
Let h be ((-3 - -3) + 0/(-21))*2/8. Let p(l) = l**3 - l - 15. Calculate p(h).
-15
Let y(k) be the first derivative of k**5/20 + k**4/3 - 2*k**3/3 + 11*k**2/2 - 123*k - 247. Let g(p) be the first derivative of y(p). What is g(-5)?
6
Suppose 2*x = 5*x - 9. Let r(g) = -2*g - 12. Let h be r(-7). Let q(d) = -11*d**2 + 3*d - 2*d**h + 4 + 11*d**2. Determine q(x).
-5
Let c(w) = 20*w + 1. Let d(g) = -9*g. Let a(p) = -4*c(p) - 9*d(p). Let u(h) = h - 1 - 3 + 0 + 0. Let f(r) = 3*a(r) - 4*u(r). Give f(9).
-5
Suppose 4*u + 92 = 7*u - 2*s, -4*u = -4*s - 124. Let t = u + -31. Let f(q) = 10*q - 4 + 1 + 3. What is f(t)?
-10
Suppose 35 = -5*n - 20. Let y = n - -9. Let c(a) = 3*a**3 + 5*a**2 - a - 4. Let q(s) = 7*s**3 + 12*s**2 - 2*s - 9. Let w(j) = 5*c(j) - 2*q(j). What is w(y)?
-4
Suppose -4*u = 4*f, 21*f - 17*f = -2*u - 14. Let p(g) = -2*g**3 + 13*g**2 + 7*g - 10. What is p(u)?
-10
Let c be (-108)/162*66/4. Let h(s) = s**3 + 11*s**2 - s - 7. Give h(c).
4
Suppose -6023*k + 36 = -6005*k. Let p(v) = 4*v - 4*v**3 + 0*v**2 - 2*v + 2*v**2. Determine p(k).
-20
Let h(q) = -28*q**2 + 264*q + 4. Let x(n) = 27*n**2 - 233*n - 3. Let j(t) = -6*h(t) - 7*x(t). Determine j(2).
7
Let j(d) = 2*d - 1. Let u(k) = k**2 - 7*k + 5. Let y be u(6). Let h(z) = -756*z - 744*z + 1499*z. Let i(b) = y*h(b) + j(b). Give i(-2).
-7
Let d(i) be the second derivative of i**4/3 - i**3/3 + 3*i**2/2 - 87*i + 6. What is d(4)?
59
Let a(r) = 41*r**3 + 2*r - 4 - 143*r**2 